{"id":142,"date":"2021-01-15T13:41:35","date_gmt":"2021-01-15T13:41:35","guid":{"rendered":"https:\/\/salesportal.lamesma.it\/?post_type=product&#038;p=142"},"modified":"2026-02-26T08:56:45","modified_gmt":"2026-02-26T08:56:45","slug":"prodotto-speciale-test","status":"publish","type":"product","link":"https:\/\/salesportal.lamesma.it\/index.php\/product\/prodotto-speciale-test\/","title":{"rendered":"Magnum Metodo Classico Gavi Spumante DOCG 2017"},"content":{"rendered":"<p>Metodo classico (ottenuto quindi con rifermentazione in bottiglia) da uve cortese, millesimato (elaborato con uve di una sola annata). Tutte le fasi di produzione, vinificazione, spumantizzazione, remuage manuale e d\u00e9gorgement, si svolgono nella nostra cantina.<\/p>\n<p>Tipologia: <strong>Vino Spumante Metodo Classico docg Millesimato<\/strong><\/p>\n<p>Vitigno: <strong>Cortese<\/strong><\/p>\n<p>Vinificazione: <strong>Uve vendemmiate a mano, immediatamente pressate con spremitura soffice. La prima fermentazione alcolica avviene in serbatoio di acciaio inox a temperatura controllata.<\/strong><\/p>\n<p>Maturazione: <strong>Tirage (messa in bottiglia) nella primavera successiva all\u2019anno della vendemmia, permanenza sui lieviti per pi\u00f9 di 60 mesi, remuage manuale.<\/strong><\/p>\n<p>Grado zuccherino:<strong> Pas dos\u00e8<\/strong><\/p>\n<p>Grado alcolico: <strong>13% vol<\/strong><\/p>\n<p style=\"font-size: 16px;font-style: normal;font-weight: 400\">Allergeni:\u00a0<span style=\"font-size: 16px;font-weight: bold\">CONTIENE SOLFITI, CONTAINS SULPHITES<\/span><\/p>\n<p style=\"font-size: 16px;font-style: normal;font-weight: 400\">Prodotto in Italia<\/p>\n<p>Enologo: <strong>Massimo Azzolini<\/strong><\/p>\n","protected":false},"excerpt":{"rendered":"<p>Il rapporto diretto e personale con i nostri clienti \u00e8 importantissimo per noi, ed \u00e8 la ragione per cui abbiamo creato un e-commerce diretto. Ma vogliamo fare di pi\u00f9: bottiglie speciali per i vostri eventi e i vostri anniversari, o per la tavola di Natale. Le foto sono solo indicative, scriveteci a <a href=\"mailto:shop@lamesma.it\">shop@lamesma.it<\/a><\/p>\n","protected":false},"featured_media":246,"template":"","meta":[],"_links":{"self":[{"href":"https:\/\/salesportal.lamesma.it\/index.php\/wp-json\/wp\/v2\/product\/142"}],"collection":[{"href":"https:\/\/salesportal.lamesma.it\/index.php\/wp-json\/wp\/v2\/product"}],"about":[{"href":"https:\/\/salesportal.lamesma.it\/index.php\/wp-json\/wp\/v2\/types\/product"}],"wp:featuredmedia":[{"embeddable":true,"href":"https:\/\/salesportal.lamesma.it\/index.php\/wp-json\/wp\/v2\/media\/246"}],"wp:attachment":[{"href":"https:\/\/salesportal.lamesma.it\/index.php\/wp-json\/wp\/v2\/media?parent=142"}],"curies":[{"name":"wp","href":"https:\/\/api.w.org\/{rel}","templated":true}]}}